 What is the units digit of a(9)?
4
Let w(l) = -31*l + 282. Let d be w(9). Suppose d*h = -5*s + 1405, -562 = -0*s - 2*s - 3*h. What is the hundreds digit of s?
2
What is the tens digit of 1*21595923/464 - (-1)/16?
4
Let b be 6/9 - (-320)/6. Suppose 9*t - 6*t = -105. Let x = b - t. What is the tens digit of x?
8
Suppose -12*z + 4 = -10*z. What is the tens digit of z + 384/(-184) + 10400/46?
2
Let x(v) = 221*v**3 - 4*v**2 + 13*v - 3. What is the tens digit of x(2)?
7
Let i be (0 + 977)*1*-1. Let f = -456 - i. What is the tens digit of f?
2
What is the thousands digit of 8158 - 4/(-20)*-25?
8
Suppose -123*p = -122*p + 38. Let g = -6 - p. What is the units digit of g?
2
Let f be (90/(-21) - -4)*(-7)/1. Let u(t) = -9*t + 2 + 5*t + 8*t + 0*t + 5*t**f. What is the tens digit of u(-4)?
6
Suppose -21666 = -4*z + 4054. Suppose -2050 = 4*a - z. What is the hundreds digit of a?
0
Let a = 37976 - 7927. What is the units digit of a?
9
Suppose -43*q - 81*q = -23*q - 1355117. What is the tens digit of q?
1
Let b be 28/126 + 86/18. Suppose 2*l - b + 3 = 0. Let x(v) = 81*v**2 - 2*v + 2. What is the units digit of x(l)?
1
Suppose -6*u + 0*u - 16855 = -100579. What is the thousands digit of u?
3
Let a be ((-27)/6)/(-3) - 434/(-28). Suppose -r = l - 429, 3*l - a*r - 1287 = -18*r. What is the hundreds digit of l?
4
Let n(c) = 11*c + 178. Suppose 3*a = -2*y + 60, -5*y - a = -8*y + 112. What is the tens digit of n(y)?
7
Suppose -24*l - 90244 = -38*l. What is the hundreds digit of l?
4
Let t(b) = 7*b**3 + 2*b**2 - 2*b + 1. Let g be t(1). Let w be (28*-4)/((-4)/g). What is the units digit of 3/(6/w) - -4?
6
Let u be (24/(-16))/(1/(-2)). Let h(f) = 36*f**2 - f + 1. Let b be h(u). Suppose t = -3*j + b, -5*t - 298 = -5*j + 2*j. What is the tens digit of j?
0
Suppose 0 = -3*i - 0*i + 6. Suppose i*y - 11 = -3. Suppose 16 - 1 = y*n + w, 0 = n - 4*w - 8. What is the units digit of n?
4
Let c be ((-35)/(-15) - 1) + 1882/6. Suppose -3*r + 5*r - 3*i - c = 0, 475 = 3*r - 2*i. What is the hundreds digit of r?
1
Suppose 0 = -2*p - 319 + 325. What is the units digit of (-13 + (14 - 150))/((-1)/p)?
7
What is the tens digit of (10 + (-75816)/(-60))/(1/5)?
6
Let u = -122 + 97. What is the tens digit of (-1)/(-1)*(u + 301)?
7
Suppose -524806 = -40*k + 1621685 - 273011. What is the ten thousands digit of k?
4
What is the thousands digit of 0 + 1 + 257013/(570/30)?
3
Let t(r) = 732*r**2 - 5*r - 10. Let c be t(-2). Suppose -36*x + 33*x = -c. What is the tens digit of x?
7
Suppose -4*p = 2*f - 23862, -11 = -4*f - 7. What is the hundreds digit of p?
9
Suppose 3*c + 4*n - 74611 = -1527, -121753 = -5*c + n. What is the thousands digit of c?
4
What is the tens digit of ((18 - 4) + 80800)/2?
0
Let y(n) be the third derivative of 331*n**5/15 - n**4/24 + 230*n**2. What is the hundreds digit of y(-1)?
3
Let y(k) = k**2 + 8*k + 9. Let s be y(-7). Suppose r - 14 = s*i, 0 = -0*i - 3*i. Let l = 23 - r. What is the units digit of l?
9
Let w(a) = a**3 - 15*a**2 - 32*a - 27. Let v be w(17). Suppose -v*b + 3141 = -5245. What is the thousands digit of b?
1
Let o = -135 - -131. Suppose 0*t - 678 = -3*t. What is the tens digit of t/6 - o/(-6)?
3
Let a = -38327 + 67882. What is the ten thousands digit of a?
2
Let q(u) = 4*u**2 + 46*u - 10. What is the thousands digit of q(-61)?
2
Let g(s) = 6*s**2 - 27*s + 16. Suppose 10*x - 7*x = 24. What is the tens digit of g(x)?
8
Suppose -124 = -2*w + 3*q - 835, 2*w - q = -721. What is the units digit of w/2*(6/9 - 2)?
2
Suppose -3*s - 25 = -2*a, -3*a + 50 = -2*s - 0*s. What is the hundreds digit of 10/a*(1 - -549) + 0?
2
Let j(w) = -6*w + 8. Let d(s) = 5*s - 6. Let l(z) = -4*d(z) - 3*j(z). Let o be (12/(-9) - -1)*3. What is the units digit of l(o)?
2
Suppose 11*w + 728 = -22581. Let g = w - -3149. What is the units digit of g?
0
Let g(x) = -x**3 - 7*x**2 - 9*x + 1. Let z be g(-7). Let h = z - 60. Suppose -h*o = -7*o + 201. What is the tens digit of o?
6
Let m(y) = -y**3 - 4*y**2 - 3*y - 5. Let n be m(-4). Suppose k - 30 = n*k. What is the tens digit of (-1 - 0)*(k + -4 + -1)?
1
Let d be 12/9 - (-76)/114. Suppose -2*s - 463 = -d*y - 2325, 3726 = 4*s - 2*y. What is the units digit of s?
2
Let r(g) = -2*g**3 - 9*g**2 - 6*g - 7. Suppose 43 = -5*d + 5*o - 2*o, 0 = -d - 3*o - 5. What is the hundreds digit of r(d)?
4
What is the units digit of (-10)/35 - 841080/(-56)?
9
Let i = -306 + 310. Suppose -r + 1816 = i*r + 2*p, 5*p = 3*r - 1102. What is the units digit of r?
4
Suppose -22 = -3*z - 5*v, -3*z = -5*z + 5*v - 27. Let w be (-16)/(-2) - (z - 1). Let o = w - -17. What is the units digit of o?
7
Let z be (-18)/15*25/(-15). Suppose -75 = -z*c - 45. Let d = c + 47. What is the tens digit of d?
6
Let p(g) = 47*g + 18. Let r be p(-10). Let b = 2308 - r. What is the units digit of b/25 + -2 + (-24)/(-15)?
0
Let s be 3 - -3*(-2 - -4)*-1. What is the hundreds digit of 7*(-93)/9*s?
2
Suppose 0 = -r - 2*r + l + 4, r + 7 = 2*l. Suppose -2*g - 11 = -b, 0*b = -2*g - r*b + 1. What is the tens digit of 5178/42 + g/14?
2
Suppose 92*r + 53*r - 192788 - 585717 = 0. What is the hundreds digit of r?
3
Let u(h) = 6 - 9 + 57*h**2 - 67*h**2 + 122*h**2 - 4*h. What is the tens digit of u(-1)?
1
Suppose 2*x = 4*a + 7*x + 132, 3*a = 3*x - 72. Let l = a + 31. Suppose r - 427 = -4*m, 0 = -l*m - 3*r + 98 + 211. What is the hundreds digit of m?
1
Let x(s) = 5*s**2 - 3*s + 6. Let l(j) = j + 6. Let r be l(-9). Let m(i) = i**2 + 2*i + 1. Let b be m(r). What is the tens digit of x(b)?
7
Let w = -128 - -126. Let o(j) = -215*j - 15. What is the units digit of o(w)?
5
Let b = 4 + 18. Suppose 0 = -9*p - 68 - b. What is the tens digit of (-43)/((p/(-2))/(-10))?
8
Suppose -140*g + 157*g - 115634 = 0. What is the tens digit of g?
0
Let b(i) = -i**3 + 9*i**2 + 8*i + 24. Let h be b(10). Suppose h*t = t - 579. Let x = -107 - t. What is the tens digit of x?
8
Suppose -37*s = -33*s. Suppose s = 11*y - 548 - 2598. What is the hundreds digit of y?
2
Suppose -10*v = v - 209. Suppose -5*a - 8 = 3*g, -3*g - v = a - 3. What is the tens digit of (g/4 - -1)/((-1)/24)?
1
Suppose 32*f = 12*f + 62060. Suppose 391 = -3*t + f. What is the tens digit of t?
0
Let h(a) = 77*a**2 - 8*a + 43. Let f be h(4). Suppose 3*l - 1259 = f. What is the tens digit of l?
3
Let r(k) = 2*k**2 - 3*k + 19. Suppose 0 = 5*n - 4*z - 44 - 12, -28 = -5*n - 3*z. Let x be r(n). What is the hundreds digit of 3 - (-9 - -5 - x)?
1
Suppose s + 2*s + m + 5 = 0, 0 = -5*s - m - 5. Suppose s = -l - l + 6. Suppose -l*g = -7*g + 200. What is the units digit of g?
0
Suppose 0 = 9492*n - 9485*n - 4095. What is the tens digit of n?
8
Let g(l) = -5*l**3 - 45*l**2 - 88*l - 35. What is the units digit of g(-22)?
1
Let l(s) = 709*s - 356. What is the ten thousands digit of l(34)?
2
What is the tens digit of 6*(-135)/(-150)*505?
2
Let o(z) = 19462*z**2 - 7*z - 2. What is the thousands digit of o(-1)?
9
Let h(c) = 108*c**2 + 86*c + 1736. What is the tens digit of h(-16)?
0
Let b be (-35)/(-4) - (-42)/(-56). Suppose -4*a - b*a + 2976 = 0. What is the hundreds digit of a?
2
Let k(g) = -3*g**3 - 58*g**2 - 21*g - 10. Suppose -12*c = -61 + 289. What is the tens digit of k(c)?
2
Let j = 3592 - -339. What is the units digit of j?
1
Suppose 343687 + 3884658 = 145*l. What is the hundreds digit of l?
1
Let h be (-72)/(-3 - 1) + 0. Suppose -h*q = -29*q + 3080. What is the units digit of q?
0
Let y = -32 + 34. Let i be (-2 - (2 - y))/(-2). What is the units digit of (16 - 14) + i*60?
2
Let t(n) = 7*n**2 + 2*n - 2. Let g = 534 + -531. What is the units digit of t(g)?
7
Let a = -190 + 26. Let c = a + 448. What is the hundreds digit of c?
2
Let t(z) = 546*z + 1183. Let v(j) = 34*j + 74. Let x(m) = 4*t(m) - 65*v(m). What is the units digit of x(-9)?
6
Suppose -91*d = -89*d + 2*c - 15734, 5*d + 2*c - 39341 = 0. What is the hundreds digit of d?
8
Let u be (-2 - -3)/2 + 51638/4. What is the thousands digit of ((0 - -4) + 0)*u/40?
1
Suppose -3*j = 15, -l + 3*j = -8 - 9. What is the tens digit of (l + -1)/(3/936)?
1
What is the hundreds digit of 42500/(-30)*-3 + -8?
2
Suppose 3*s = -5*d + 28550 + 53156, 25 = 5*d. What is the units digit of s?
7
Suppose d = 2*i - 5, 0*d = 5*d - 2*i - 7. Let v be (5 - 4) + 2 + d. Suppose -r - 427 = -4*w, v = 4*r + 2. What is the tens digit of w?
0
Suppose -1 = k - 